{"id":1311,"date":"2026-04-01T17:33:12","date_gmt":"2026-04-01T17:33:12","guid":{"rendered":"https:\/\/miedzywezlami.pl\/?post_type=product&#038;p=1311"},"modified":"2026-04-01T17:33:12","modified_gmt":"2026-04-01T17:33:12","slug":"perski-hamadan-205x130-recznie-tkany-100-welna-autentyczny-043","status":"publish","type":"product","link":"https:\/\/miedzywezlami.pl\/?product=perski-hamadan-205x130-recznie-tkany-100-welna-autentyczny-043","title":{"rendered":"PERSKI HAMADAN 205&#215;130 | R\u0119cznie Tkany | 100% We\u0142na | Autentyczny #043"},"content":{"rendered":"<p>Na sprzeda\u017c oferuj\u0119 autentyczny, r\u0119cznie tkany dywan perski pochodz\u0105cy z regionu Hamadan. To klasyczny przyk\u0142ad tradycyjnego rzemios\u0142a z zachodniego Iranu, charakteryzuj\u0105cy si\u0119 niezwyk\u0142\u0105 trwa\u0142o\u015bci\u0105 i g\u0142\u0119bok\u0105, nasycon\u0105 kolorystyk\u0105.<\/p>\n<p>R\u0119czne Wykonanie (Hand-Knotted): Dywan zosta\u0142 utkany r\u0119cznie na bawe\u0142nianej osnowie przy u\u017cyciu tradycyjnego w\u0119z\u0142a symetrycznego. Ka\u017cdy detal wzoru jest niepowtarzalny.<\/p>\n<p>Naturalna We\u0142na: Wykonany w 100% z wysokogatunkowej we\u0142ny owczej, kt\u00f3ra jest odporna na wycieranie i naturalnie odpycha brud.<\/p>\n<p>Unikatowy Wz\u00f3r: Geometryczny medalion w otoczeniu motyw\u00f3w ro\u015blinnych.<br \/>\nKlasyczne po\u0142\u0105czenie &#8222;perskiej czerwieni&#8221; z g\u0142\u0119bokim granatem i akcentami bieli\/be\u017cu.<br \/>\nDywan ma ok. 6 mm grubo\u015bci \u2013 jest elegancki, nie odstaje od pod\u0142ogi i \u015bwietnie do niej przylega.<\/p>\n<p>Klimat Vintage: Dywan posiada dusz\u0119 i charakterystyczny wygl\u0105d &#8222;starej szko\u0142y&#8221; tkactwa, kt\u00f3ry jest obecnie niezwykle modny w projektowaniu wn\u0119trz (styl klasyczny, boho czy loft).<\/p>\n<p>Stan: Dywan jest zadbany, czysty i gotowy do natychmiastowego po\u0142o\u017cenia. Runo jest r\u00f3wne na ca\u0142ej powierzchni.<\/p>\n<p>Wymiary: 205 cm x 130 cm<\/p>\n<p>Wysy\u0142ka kurierem DPD gratis [przelew lub pobranie]<\/p>\n","protected":false},"excerpt":{"rendered":"<p>Na sprzeda\u017c oferuj\u0119 autentyczny, r\u0119cznie tkany dywan perski pochodz\u0105cy z regionu Hamadan. To klasyczny przyk\u0142ad tradycyjnego rzemios\u0142a z zachodniego Iranu, [&hellip;]<\/p>\n","protected":false},"featured_media":1312,"template":"","meta":{"site-sidebar-layout":"default","site-content-layout":"","ast-site-content-layout":"default","site-content-style":"default","site-sidebar-style":"default","ast-global-header-display":"","ast-banner-title-visibility":"","ast-main-header-display":"","ast-hfb-above-header-display":"","ast-hfb-below-header-display":"","ast-hfb-mobile-header-display":"","site-post-title":"","ast-breadcrumbs-content":"","ast-featured-img":"","footer-sml-layout":"","ast-disable-related-posts":"","theme-transparent-header-meta":"default","adv-header-id-meta":"","stick-header-meta":"","header-above-stick-meta":"","header-main-stick-meta":"","header-below-stick-meta":"","astra-migrate-meta-layouts":"set","ast-page-background-enabled":"default","ast-page-background-meta":{"desktop":{"background-color":"var(--ast-global-color-5)","background-image":"","background-repeat":"repeat","background-position":"center center","background-size":"auto","background-attachment":"scroll","background-type":"","background-media":"","overlay-type":"","overlay-color":"","overlay-opacity":"","overlay-gradient":""},"tablet":{"background-color":"","background-image":"","background-repeat":"repeat","background-position":"center center","background-size":"auto","background-attachment":"scroll","background-type":"","background-media":"","overlay-type":"","overlay-color":"","overlay-opacity":"","overlay-gradient":""},"mobile":{"background-color":"","background-image":"","background-repeat":"repeat","background-position":"center center","background-size":"auto","background-attachment":"scroll","background-type":"","background-media":"","overlay-type":"","overlay-color":"","overlay-opacity":"","overlay-gradient":""}},"ast-content-background-meta":{"desktop":{"background-color":"var(--ast-global-color-4)","background-image":"","background-repeat":"repeat","background-position":"center center","background-size":"auto","background-attachment":"scroll","background-type":"","background-media":"","overlay-type":"","overlay-color":"","overlay-opacity":"","overlay-gradient":""},"tablet":{"background-color":"var(--ast-global-color-4)","background-image":"","background-repeat":"repeat","background-position":"center center","background-size":"auto","background-attachment":"scroll","background-type":"","background-media":"","overlay-type":"","overlay-color":"","overlay-opacity":"","overlay-gradient":""},"mobile":{"background-color":"var(--ast-global-color-4)","background-image":"","background-repeat":"repeat","background-position":"center center","background-size":"auto","background-attachment":"scroll","background-type":"","background-media":"","overlay-type":"","overlay-color":"","overlay-opacity":"","overlay-gradient":""}}},"product_brand":[],"product_cat":[19],"product_tag":[],"class_list":{"0":"post-1311","1":"product","2":"type-product","3":"status-publish","4":"has-post-thumbnail","6":"product_cat-srednie-dywany","7":"desktop-align-left","8":"tablet-align-left","9":"mobile-align-left","11":"first","12":"instock","13":"shipping-taxable","14":"purchasable","15":"product-type-simple"},"_links":{"self":[{"href":"https:\/\/miedzywezlami.pl\/index.php?rest_route=\/wp\/v2\/product\/1311","targetHints":{"allow":["GET"]}}],"collection":[{"href":"https:\/\/miedzywezlami.pl\/index.php?rest_route=\/wp\/v2\/product"}],"about":[{"href":"https:\/\/miedzywezlami.pl\/index.php?rest_route=\/wp\/v2\/types\/product"}],"wp:featuredmedia":[{"embeddable":true,"href":"https:\/\/miedzywezlami.pl\/index.php?rest_route=\/wp\/v2\/media\/1312"}],"wp:attachment":[{"href":"https:\/\/miedzywezlami.pl\/index.php?rest_route=%2Fwp%2Fv2%2Fmedia&parent=1311"}],"wp:term":[{"taxonomy":"product_brand","embeddable":true,"href":"https:\/\/miedzywezlami.pl\/index.php?rest_route=%2Fwp%2Fv2%2Fproduct_brand&post=1311"},{"taxonomy":"product_cat","embeddable":true,"href":"https:\/\/miedzywezlami.pl\/index.php?rest_route=%2Fwp%2Fv2%2Fproduct_cat&post=1311"},{"taxonomy":"product_tag","embeddable":true,"href":"https:\/\/miedzywezlami.pl\/index.php?rest_route=%2Fwp%2Fv2%2Fproduct_tag&post=1311"}],"curies":[{"name":"wp","href":"https:\/\/api.w.org\/{rel}","templated":true}]}}