{"id":1324,"date":"2026-04-03T06:42:27","date_gmt":"2026-04-03T06:42:27","guid":{"rendered":"https:\/\/miedzywezlami.pl\/?post_type=product&#038;p=1324"},"modified":"2026-04-03T06:42:27","modified_gmt":"2026-04-03T06:42:27","slug":"luksusowa-bukhara-172x96-recznie-tkana-100-welna-lsniace-runo-069","status":"publish","type":"product","link":"https:\/\/miedzywezlami.pl\/?product=luksusowa-bukhara-172x96-recznie-tkana-100-welna-lsniace-runo-069","title":{"rendered":"Luksusowa BUKHARA 172&#215;96 | R\u0119cznie Tkana | 100% We\u0142na | L\u015bni\u0105ce Runo #069"},"content":{"rendered":"<p>Na sprzeda\u017c oferuj\u0119 przepi\u0119kny, autentyczny dywan Bukhara o wymiarach 172 cm x 96 cm. To jeden z najbardziej cenionych wzor\u00f3w orientalnych, kt\u00f3ry \u0142\u0105czy w sobie elegancj\u0119, niesamowit\u0105 mi\u0119kko\u015b\u0107 i tradycj\u0119.<\/p>\n<p>Szlachetny Sk\u0142ad i Blask: Wykonany w 100% z wysokogatunkowej we\u0142ny nowozelandzkiej. Runo jest jedwabiste w dotyku i posiada naturalny po\u0142ysk, kt\u00f3ry sprawia, \u017ce kolory &#8222;graj\u0105&#8221; w zale\u017cno\u015bci od k\u0105ta padania \u015bwiat\u0142a.<\/p>\n<p>Kultowy Wz\u00f3r: Charakterystyczny motyw medalion\u00f3w &#8222;g\u00fcl&#8221; na g\u0142\u0119bokim, czerwonym tle. To klasyka, kt\u00f3ra pasuje do gabinet\u00f3w, sypialni oraz eleganckich salon\u00f3w.<\/p>\n<p>R\u0119czne Tkanie (Hand-Knotted): Dywan tkany bardzo g\u0119stym splotem, co przek\u0142ada si\u0119 na jego trwa\u0142o\u015b\u0107 i precyzj\u0119 detali. Na spodzie wyra\u017anie wida\u0107 struktur\u0119 r\u0119cznego wi\u0105zania.<\/p>\n<p>Dywan jest bardzo zadbany, czysty, runo r\u00f3wne, bez przetra\u0107. Runo jest g\u0119ste, zdrowe i niezwykle przyjemne dla bosej stopy.<br \/>\nWymiary: 172 x 96 cm, grubo\u015b\u0107 oko\u0142o 7mm<\/p>\n<p>Wysy\u0142ka kurierem DPD gratis [przelew lub pobranie]<\/p>\n","protected":false},"excerpt":{"rendered":"<p>Na sprzeda\u017c oferuj\u0119 przepi\u0119kny, autentyczny dywan Bukhara o wymiarach 172 cm x 96 cm. To jeden z najbardziej cenionych wzor\u00f3w [&hellip;]<\/p>\n","protected":false},"featured_media":1328,"template":"","meta":{"site-sidebar-layout":"default","site-content-layout":"","ast-site-content-layout":"default","site-content-style":"default","site-sidebar-style":"default","ast-global-header-display":"","ast-banner-title-visibility":"","ast-main-header-display":"","ast-hfb-above-header-display":"","ast-hfb-below-header-display":"","ast-hfb-mobile-header-display":"","site-post-title":"","ast-breadcrumbs-content":"","ast-featured-img":"","footer-sml-layout":"","ast-disable-related-posts":"","theme-transparent-header-meta":"default","adv-header-id-meta":"","stick-header-meta":"","header-above-stick-meta":"","header-main-stick-meta":"","header-below-stick-meta":"","astra-migrate-meta-layouts":"set","ast-page-background-enabled":"default","ast-page-background-meta":{"desktop":{"background-color":"var(--ast-global-color-5)","background-image":"","background-repeat":"repeat","background-position":"center center","background-size":"auto","background-attachment":"scroll","background-type":"","background-media":"","overlay-type":"","overlay-color":"","overlay-opacity":"","overlay-gradient":""},"tablet":{"background-color":"","background-image":"","background-repeat":"repeat","background-position":"center center","background-size":"auto","background-attachment":"scroll","background-type":"","background-media":"","overlay-type":"","overlay-color":"","overlay-opacity":"","overlay-gradient":""},"mobile":{"background-color":"","background-image":"","background-repeat":"repeat","background-position":"center center","background-size":"auto","background-attachment":"scroll","background-type":"","background-media":"","overlay-type":"","overlay-color":"","overlay-opacity":"","overlay-gradient":""}},"ast-content-background-meta":{"desktop":{"background-color":"var(--ast-global-color-4)","background-image":"","background-repeat":"repeat","background-position":"center center","background-size":"auto","background-attachment":"scroll","background-type":"","background-media":"","overlay-type":"","overlay-color":"","overlay-opacity":"","overlay-gradient":""},"tablet":{"background-color":"var(--ast-global-color-4)","background-image":"","background-repeat":"repeat","background-position":"center center","background-size":"auto","background-attachment":"scroll","background-type":"","background-media":"","overlay-type":"","overlay-color":"","overlay-opacity":"","overlay-gradient":""},"mobile":{"background-color":"var(--ast-global-color-4)","background-image":"","background-repeat":"repeat","background-position":"center center","background-size":"auto","background-attachment":"scroll","background-type":"","background-media":"","overlay-type":"","overlay-color":"","overlay-opacity":"","overlay-gradient":""}}},"product_brand":[],"product_cat":[20],"product_tag":[],"class_list":{"0":"post-1324","1":"product","2":"type-product","3":"status-publish","4":"has-post-thumbnail","6":"product_cat-male-dywany","7":"desktop-align-left","8":"tablet-align-left","9":"mobile-align-left","11":"first","12":"instock","13":"shipping-taxable","14":"purchasable","15":"product-type-simple"},"_links":{"self":[{"href":"https:\/\/miedzywezlami.pl\/index.php?rest_route=\/wp\/v2\/product\/1324","targetHints":{"allow":["GET"]}}],"collection":[{"href":"https:\/\/miedzywezlami.pl\/index.php?rest_route=\/wp\/v2\/product"}],"about":[{"href":"https:\/\/miedzywezlami.pl\/index.php?rest_route=\/wp\/v2\/types\/product"}],"wp:featuredmedia":[{"embeddable":true,"href":"https:\/\/miedzywezlami.pl\/index.php?rest_route=\/wp\/v2\/media\/1328"}],"wp:attachment":[{"href":"https:\/\/miedzywezlami.pl\/index.php?rest_route=%2Fwp%2Fv2%2Fmedia&parent=1324"}],"wp:term":[{"taxonomy":"product_brand","embeddable":true,"href":"https:\/\/miedzywezlami.pl\/index.php?rest_route=%2Fwp%2Fv2%2Fproduct_brand&post=1324"},{"taxonomy":"product_cat","embeddable":true,"href":"https:\/\/miedzywezlami.pl\/index.php?rest_route=%2Fwp%2Fv2%2Fproduct_cat&post=1324"},{"taxonomy":"product_tag","embeddable":true,"href":"https:\/\/miedzywezlami.pl\/index.php?rest_route=%2Fwp%2Fv2%2Fproduct_tag&post=1324"}],"curies":[{"name":"wp","href":"https:\/\/api.w.org\/{rel}","templated":true}]}}