{"id":1562,"date":"2026-04-22T15:29:32","date_gmt":"2026-04-22T15:29:32","guid":{"rendered":"https:\/\/miedzywezlami.pl\/?post_type=product&#038;p=1562"},"modified":"2026-04-22T15:29:32","modified_gmt":"2026-04-22T15:29:32","slug":"recznie-tkany-dywan-welniany-193x97-wzor-plemienny-dywan-modlitewny-094","status":"publish","type":"product","link":"https:\/\/miedzywezlami.pl\/?product=recznie-tkany-dywan-welniany-193x97-wzor-plemienny-dywan-modlitewny-094","title":{"rendered":"R\u0119cznie tkany dywan we\u0142niany 193&#215;97 | Wz\u00f3r plemienny | Dywan modlitewny #094"},"content":{"rendered":"<p>Oferuj\u0119 unikatowy, w pe\u0142ni r\u0119cznie tkany dywan we\u0142niany o wymiarach 97 cm x 193 cm. Jest to autentyczny wyr\u00f3b rzemie\u015blniczy o wyrazistym, koczowniczym charakterze, nawi\u0105zuj\u0105cy do tradycyjnych wzor\u00f3w kaukaskich i plemiennych.<\/p>\n<p>Wymiary: 193 cm x 97 cm, grubo\u015b\u0107 oko\u0142o 7mm (idealny jako chodnik do przedpokoju, sypialni lub element dekoracyjny na \u015bcian\u0119).<\/p>\n<p>Wzornictwo: Klasyczny uk\u0142ad modlitewny z wyra\u017anie zaznaczonym \u0142ukiem (mihrab) u g\u00f3ry. \u015arodek zdobi\u0105 trzy geometryczne medaliony z motywami &#8222;gwiazd&#8221; i totem\u00f3w. Charakterystyczna, sko\u015bna bordiura w pasy nadaje mu dynamiki i unikalnego wygl\u0105du.<\/p>\n<p>Materia\u0142: 100% naturalna we\u0142na. Dywan charakteryzuje si\u0119 do\u015b\u0107 wysokim, mi\u0119kkim runem i naturalnymi, nasyconymi barwami (czerwie\u0144, g\u0142\u0119boka czer\u0144, \u017c\u00f3\u0142\u0107 i biel).<\/p>\n<p>Technika: R\u0119czne wi\u0105zanie, co wida\u0107 po naturalnych nier\u00f3wno\u015bciach wzoru, kt\u00f3re s\u0105 dowodem na autentyczno\u015b\u0107 i dusz\u0119 przedmiotu.<\/p>\n<p>Dywan jest czysty, w bardzo dobrym stanie zachowania. Runo jest zdrowe, a fr\u0119dzle s\u0105 naturalnym przed\u0142u\u017ceniem osnowy. To przedmiot, kt\u00f3ry przetrwa kolejne dziesi\u0119ciolecia, nabieraj\u0105c z czasem jeszcze wi\u0119kszej warto\u015bci.<\/p>\n<p>Wysy\u0142ka kurierem DPD gratis [przelew lub pobranie]<\/p>\n","protected":false},"excerpt":{"rendered":"<p>Oferuj\u0119 unikatowy, w pe\u0142ni r\u0119cznie tkany dywan we\u0142niany o wymiarach 97 cm x 193 cm. Jest to autentyczny wyr\u00f3b rzemie\u015blniczy [&hellip;]<\/p>\n","protected":false},"featured_media":1563,"template":"","meta":{"site-sidebar-layout":"default","site-content-layout":"","ast-site-content-layout":"default","site-content-style":"default","site-sidebar-style":"default","ast-global-header-display":"","ast-banner-title-visibility":"","ast-main-header-display":"","ast-hfb-above-header-display":"","ast-hfb-below-header-display":"","ast-hfb-mobile-header-display":"","site-post-title":"","ast-breadcrumbs-content":"","ast-featured-img":"","footer-sml-layout":"","ast-disable-related-posts":"","theme-transparent-header-meta":"default","adv-header-id-meta":"","stick-header-meta":"","header-above-stick-meta":"","header-main-stick-meta":"","header-below-stick-meta":"","astra-migrate-meta-layouts":"set","ast-page-background-enabled":"default","ast-page-background-meta":{"desktop":{"background-color":"var(--ast-global-color-5)","background-image":"","background-repeat":"repeat","background-position":"center center","background-size":"auto","background-attachment":"scroll","background-type":"","background-media":"","overlay-type":"","overlay-color":"","overlay-opacity":"","overlay-gradient":""},"tablet":{"background-color":"","background-image":"","background-repeat":"repeat","background-position":"center center","background-size":"auto","background-attachment":"scroll","background-type":"","background-media":"","overlay-type":"","overlay-color":"","overlay-opacity":"","overlay-gradient":""},"mobile":{"background-color":"","background-image":"","background-repeat":"repeat","background-position":"center center","background-size":"auto","background-attachment":"scroll","background-type":"","background-media":"","overlay-type":"","overlay-color":"","overlay-opacity":"","overlay-gradient":""}},"ast-content-background-meta":{"desktop":{"background-color":"var(--ast-global-color-4)","background-image":"","background-repeat":"repeat","background-position":"center center","background-size":"auto","background-attachment":"scroll","background-type":"","background-media":"","overlay-type":"","overlay-color":"","overlay-opacity":"","overlay-gradient":""},"tablet":{"background-color":"var(--ast-global-color-4)","background-image":"","background-repeat":"repeat","background-position":"center center","background-size":"auto","background-attachment":"scroll","background-type":"","background-media":"","overlay-type":"","overlay-color":"","overlay-opacity":"","overlay-gradient":""},"mobile":{"background-color":"var(--ast-global-color-4)","background-image":"","background-repeat":"repeat","background-position":"center center","background-size":"auto","background-attachment":"scroll","background-type":"","background-media":"","overlay-type":"","overlay-color":"","overlay-opacity":"","overlay-gradient":""}}},"product_brand":[],"product_cat":[19],"product_tag":[],"class_list":{"0":"post-1562","1":"product","2":"type-product","3":"status-publish","4":"has-post-thumbnail","6":"product_cat-srednie-dywany","7":"desktop-align-left","8":"tablet-align-left","9":"mobile-align-left","11":"first","12":"instock","13":"shipping-taxable","14":"purchasable","15":"product-type-simple"},"_links":{"self":[{"href":"https:\/\/miedzywezlami.pl\/index.php?rest_route=\/wp\/v2\/product\/1562","targetHints":{"allow":["GET"]}}],"collection":[{"href":"https:\/\/miedzywezlami.pl\/index.php?rest_route=\/wp\/v2\/product"}],"about":[{"href":"https:\/\/miedzywezlami.pl\/index.php?rest_route=\/wp\/v2\/types\/product"}],"wp:featuredmedia":[{"embeddable":true,"href":"https:\/\/miedzywezlami.pl\/index.php?rest_route=\/wp\/v2\/media\/1563"}],"wp:attachment":[{"href":"https:\/\/miedzywezlami.pl\/index.php?rest_route=%2Fwp%2Fv2%2Fmedia&parent=1562"}],"wp:term":[{"taxonomy":"product_brand","embeddable":true,"href":"https:\/\/miedzywezlami.pl\/index.php?rest_route=%2Fwp%2Fv2%2Fproduct_brand&post=1562"},{"taxonomy":"product_cat","embeddable":true,"href":"https:\/\/miedzywezlami.pl\/index.php?rest_route=%2Fwp%2Fv2%2Fproduct_cat&post=1562"},{"taxonomy":"product_tag","embeddable":true,"href":"https:\/\/miedzywezlami.pl\/index.php?rest_route=%2Fwp%2Fv2%2Fproduct_tag&post=1562"}],"curies":[{"name":"wp","href":"https:\/\/api.w.org\/{rel}","templated":true}]}}