{"id":1574,"date":"2026-04-22T15:31:19","date_gmt":"2026-04-22T15:31:19","guid":{"rendered":"https:\/\/miedzywezlami.pl\/?post_type=product&#038;p=1574"},"modified":"2026-04-22T15:31:20","modified_gmt":"2026-04-22T15:31:20","slug":"recznie-tkany-dywan-afgan-beludz-162x97-sygnowany-100-welna-096","status":"publish","type":"product","link":"https:\/\/miedzywezlami.pl\/?product=recznie-tkany-dywan-afgan-beludz-162x97-sygnowany-100-welna-096","title":{"rendered":"R\u0119cznie tkany dywan Afgan Belud\u017c 162&#215;97 | Sygnowany | 100% We\u0142na #096"},"content":{"rendered":"<p>Oferuj\u0119 wyj\u0105tkowy, w pe\u0142ni r\u0119cznie tkany dywan we\u0142niany o wymiarach 97 cm x 162 cm. Jest to autentyczny wyr\u00f3b rzemie\u015blniczy typu Afgan\/Belud\u017c, wyr\u00f3\u017cniaj\u0105cy si\u0119 rzadko spotykan\u0105 w\u0142asn\u0105 sygnatur\u0105 wytw\u00f3rcy wkomponowan\u0105 w naro\u017cnik dywanu. Obecno\u015b\u0107 podpisu \u015bwiadczy o wysokiej klasie egzemplarza i dumie rzemie\u015blnika z wykonanego dzie\u0142a.<\/p>\n<p>Wymiary: 162 cm x 97 cm, grubo\u015b\u0107 oko\u0142o 7mm<br \/>\nWzornictwo: Klasyczny, g\u0119sty wz\u00f3r geometryczny z du\u017cym medalionem centralnym oraz sze\u015bcioma mniejszymi rombami. Ca\u0142o\u015b\u0107 utrzymana w tradycyjnej, g\u0142\u0119bokiej kolorystyce: nasycona czerwie\u0144, burgund oraz ciemny granat.<\/p>\n<p>Materia\u0142: 100% wysokogatunkowa we\u0142na o naturalnym po\u0142ysku. Dywan jest mi\u0119kki, a jednocze\u015bnie niezwykle trwa\u0142y i odporny na wycieranie.<\/p>\n<p>Sygnatura: Oryginalny podpis tkalni umieszczony w ozdobnym kartuszu w dolnym rogu, co czyni go egzemplarzem kolekcjonerskim.<\/p>\n<p>Dywan jest czysty, w bardzo dobrym stanie zachowania. Runo jest g\u0119ste, a fr\u0119dzle kompletne. Dzi\u0119ki naturalnym barwnikom kolory s\u0105 \u017cywe i posiadaj\u0105 szlachetn\u0105 g\u0142\u0119bi\u0119.<\/p>\n<p>Wysy\u0142ka kurierem DPD gratis przelew lub pobranie.<\/p>\n","protected":false},"excerpt":{"rendered":"<p>Oferuj\u0119 wyj\u0105tkowy, w pe\u0142ni r\u0119cznie tkany dywan we\u0142niany o wymiarach 97 cm x 162 cm. Jest to autentyczny wyr\u00f3b rzemie\u015blniczy [&hellip;]<\/p>\n","protected":false},"featured_media":1579,"template":"","meta":{"site-sidebar-layout":"default","site-content-layout":"","ast-site-content-layout":"default","site-content-style":"default","site-sidebar-style":"default","ast-global-header-display":"","ast-banner-title-visibility":"","ast-main-header-display":"","ast-hfb-above-header-display":"","ast-hfb-below-header-display":"","ast-hfb-mobile-header-display":"","site-post-title":"","ast-breadcrumbs-content":"","ast-featured-img":"","footer-sml-layout":"","ast-disable-related-posts":"","theme-transparent-header-meta":"default","adv-header-id-meta":"","stick-header-meta":"","header-above-stick-meta":"","header-main-stick-meta":"","header-below-stick-meta":"","astra-migrate-meta-layouts":"set","ast-page-background-enabled":"default","ast-page-background-meta":{"desktop":{"background-color":"var(--ast-global-color-5)","background-image":"","background-repeat":"repeat","background-position":"center center","background-size":"auto","background-attachment":"scroll","background-type":"","background-media":"","overlay-type":"","overlay-color":"","overlay-opacity":"","overlay-gradient":""},"tablet":{"background-color":"","background-image":"","background-repeat":"repeat","background-position":"center center","background-size":"auto","background-attachment":"scroll","background-type":"","background-media":"","overlay-type":"","overlay-color":"","overlay-opacity":"","overlay-gradient":""},"mobile":{"background-color":"","background-image":"","background-repeat":"repeat","background-position":"center center","background-size":"auto","background-attachment":"scroll","background-type":"","background-media":"","overlay-type":"","overlay-color":"","overlay-opacity":"","overlay-gradient":""}},"ast-content-background-meta":{"desktop":{"background-color":"var(--ast-global-color-4)","background-image":"","background-repeat":"repeat","background-position":"center center","background-size":"auto","background-attachment":"scroll","background-type":"","background-media":"","overlay-type":"","overlay-color":"","overlay-opacity":"","overlay-gradient":""},"tablet":{"background-color":"var(--ast-global-color-4)","background-image":"","background-repeat":"repeat","background-position":"center center","background-size":"auto","background-attachment":"scroll","background-type":"","background-media":"","overlay-type":"","overlay-color":"","overlay-opacity":"","overlay-gradient":""},"mobile":{"background-color":"var(--ast-global-color-4)","background-image":"","background-repeat":"repeat","background-position":"center center","background-size":"auto","background-attachment":"scroll","background-type":"","background-media":"","overlay-type":"","overlay-color":"","overlay-opacity":"","overlay-gradient":""}}},"product_brand":[],"product_cat":[20],"product_tag":[],"class_list":{"0":"post-1574","1":"product","2":"type-product","3":"status-publish","4":"has-post-thumbnail","6":"product_cat-male-dywany","7":"desktop-align-left","8":"tablet-align-left","9":"mobile-align-left","11":"first","12":"instock","13":"shipping-taxable","14":"purchasable","15":"product-type-simple"},"_links":{"self":[{"href":"https:\/\/miedzywezlami.pl\/index.php?rest_route=\/wp\/v2\/product\/1574","targetHints":{"allow":["GET"]}}],"collection":[{"href":"https:\/\/miedzywezlami.pl\/index.php?rest_route=\/wp\/v2\/product"}],"about":[{"href":"https:\/\/miedzywezlami.pl\/index.php?rest_route=\/wp\/v2\/types\/product"}],"wp:featuredmedia":[{"embeddable":true,"href":"https:\/\/miedzywezlami.pl\/index.php?rest_route=\/wp\/v2\/media\/1579"}],"wp:attachment":[{"href":"https:\/\/miedzywezlami.pl\/index.php?rest_route=%2Fwp%2Fv2%2Fmedia&parent=1574"}],"wp:term":[{"taxonomy":"product_brand","embeddable":true,"href":"https:\/\/miedzywezlami.pl\/index.php?rest_route=%2Fwp%2Fv2%2Fproduct_brand&post=1574"},{"taxonomy":"product_cat","embeddable":true,"href":"https:\/\/miedzywezlami.pl\/index.php?rest_route=%2Fwp%2Fv2%2Fproduct_cat&post=1574"},{"taxonomy":"product_tag","embeddable":true,"href":"https:\/\/miedzywezlami.pl\/index.php?rest_route=%2Fwp%2Fv2%2Fproduct_tag&post=1574"}],"curies":[{"name":"wp","href":"https:\/\/api.w.org\/{rel}","templated":true}]}}